{"id":8,"date":"2015-03-22T11:16:09","date_gmt":"2015-03-22T10:16:09","guid":{"rendered":"http:\/\/www.parkado.se\/cms\/?page_id=8"},"modified":"2016-09-06T18:39:17","modified_gmt":"2016-09-06T16:39:17","slug":"traditionell-overvakning","status":"publish","type":"page","link":"https:\/\/www.parkado.se\/cms\/?page_id=8","title":{"rendered":"Traditionell \u00f6vervakning"},"content":{"rendered":"<p>Traditionellt \u00f6verl\u00e5ter fastighets\u00e4gare parkerings\u00f6vervakning till bolag vars oms\u00e4ttning och vinst \u00e4r direkt relaterad till antalet indrivna parkeringsb\u00f6ter.<\/p>\n<p>Ett vanligt uppl\u00e4gg \u00e4r att parkeringsbolaget \u00f6vervakar fastigheten \u201dgratis\u201d men i utbyte tar int\u00e4kterna fr\u00e5n alla kontrollavgifter.<\/p>\n<p>I teorin kan det vara ett bra uppl\u00e4gg f\u00f6r fastighets\u00e4garen men i praktiken fungerar det s\u00e4llan bra.<\/p>\n<p>Uppl\u00e4gget brukar leda till f\u00f6ljande scenarion<\/p>\n<ul>\n<li>Om det \u00e4r f\u00e5 felparkerare p\u00e5 vardagar brukar parkeringsbolaget s\u00e4llan tycka det \u00e4r m\u00f6dan v\u00e4rt att patrullera omr\u00e5det vilket resulterar i d\u00e5lig \u00f6vervakning.<\/li>\n<li>De parkeringsb\u00f6ter som utf\u00e4rdas vill bolaget s\u00e4llan sl\u00e4ppa eftersom det \u00e4r deras inkomst. Det \u00e4r inte ovanligt att det uppst\u00e5r konflikt mellan fastighets\u00e4garen och parkeringsbolaget n\u00e4r parkeringsbolaget \u00e4r f\u00f6r nitiska vilket i l\u00e4ngden ger fastighets\u00e4garen on\u00f6dig bad-will. Om fastighets\u00e4garen inv\u00e4nder f\u00f6r ofta mot utf\u00e4rdade b\u00f6ter kan parkeringsbolaget sluta patrullera omr\u00e5det vilket \u00e5terigen ger d\u00e5lig \u00f6vervakning.<\/li>\n<\/ul>\n","protected":false},"excerpt":{"rendered":"<p>Traditionellt \u00f6verl\u00e5ter fastighets\u00e4gare parkerings\u00f6vervakning till bolag vars oms\u00e4ttning och vinst \u00e4r direkt relaterad till antalet indrivna parkeringsb\u00f6ter. Ett vanligt uppl\u00e4gg \u00e4r att parkeringsbolaget \u00f6vervakar fastigheten \u201dgratis\u201d men i utbyte tar int\u00e4kterna fr\u00e5n alla kontrollavgifter. I teorin kan det vara ett bra uppl\u00e4gg f\u00f6r fastighets\u00e4garen men i praktiken fungerar det s\u00e4llan bra. Uppl\u00e4gget brukar leda till&hellip; <a class=\"more-link\" href=\"https:\/\/www.parkado.se\/cms\/?page_id=8\">Forts\u00e4tt l\u00e4sa <span class=\"screen-reader-text\">Traditionell \u00f6vervakning<\/span><\/a><\/p>\n","protected":false},"author":1,"featured_media":0,"parent":0,"menu_order":0,"comment_status":"closed","ping_status":"open","template":"","meta":{"_regular_price":[],"currency_symbol":[]},"post_slider_layout_featured_media_urls":{"thumbnail":"","post_slider_layout_landscape_large":"","post_slider_layout_portrait_large":"","post_slider_layout_square_large":"","post_slider_layout_landscape":"","post_slider_layout_portrait":"","post_slider_layout_square":"","full":""},"_links":{"self":[{"href":"https:\/\/www.parkado.se\/cms\/index.php?rest_route=\/wp\/v2\/pages\/8"}],"collection":[{"href":"https:\/\/www.parkado.se\/cms\/index.php?rest_route=\/wp\/v2\/pages"}],"about":[{"href":"https:\/\/www.parkado.se\/cms\/index.php?rest_route=\/wp\/v2\/types\/page"}],"author":[{"embeddable":true,"href":"https:\/\/www.parkado.se\/cms\/index.php?rest_route=\/wp\/v2\/users\/1"}],"replies":[{"embeddable":true,"href":"https:\/\/www.parkado.se\/cms\/index.php?rest_route=%2Fwp%2Fv2%2Fcomments&post=8"}],"version-history":[{"count":2,"href":"https:\/\/www.parkado.se\/cms\/index.php?rest_route=\/wp\/v2\/pages\/8\/revisions"}],"predecessor-version":[{"id":35,"href":"https:\/\/www.parkado.se\/cms\/index.php?rest_route=\/wp\/v2\/pages\/8\/revisions\/35"}],"wp:attachment":[{"href":"https:\/\/www.parkado.se\/cms\/index.php?rest_route=%2Fwp%2Fv2%2Fmedia&parent=8"}],"curies":[{"name":"wp","href":"https:\/\/api.w.org\/{rel}","templated":true}]}}