{"id":41,"date":"2016-09-06T18:48:53","date_gmt":"2016-09-06T16:48:53","guid":{"rendered":"http:\/\/www.parkado.se\/cms\/?page_id=41"},"modified":"2018-01-22T20:30:23","modified_gmt":"2018-01-22T19:30:23","slug":"fordonsagare","status":"publish","type":"page","link":"https:\/\/www.parkado.se\/cms\/?page_id=41","title":{"rendered":"Fordons\u00e4gare"},"content":{"rendered":"<p>Parkado tillhandah\u00e5ller f\u00f6ljande till fordons\u00e4gare<\/p>\n<ul>\n<li>Enkel avtalshantering f\u00f6r parkeringsplatser<\/li>\n<li>M\u00f6jlighet att b\u00e5de hyra ut sin parkeringsplats samt att hyra andras parkeringsplatser via v\u00e5r parkeringsf\u00f6rmedlingsapp.<\/li>\n<li>Om man som fordons\u00e4gare f\u00e5r en kontrollavgift (p-bot) fr\u00e5n en parkeringsyta som \u00f6vervakas mha Parkados system f\u00f6r parkerings\u00f6vervakning har vi gjort det enkelt att betala och g\u00f6ra r\u00e4tt f\u00f6r sig. Vi har \u00e4ven gjort rutinen f\u00f6r att \u00f6verklaga enkel d\u00e5 alla fall inte alltid \u00e4r glasklara.<\/li>\n<\/ul>\n","protected":false},"excerpt":{"rendered":"<p>Parkado tillhandah\u00e5ller f\u00f6ljande till fordons\u00e4gare Enkel avtalshantering f\u00f6r parkeringsplatser M\u00f6jlighet att b\u00e5de hyra ut sin parkeringsplats samt att hyra andras parkeringsplatser via v\u00e5r parkeringsf\u00f6rmedlingsapp. Om man som fordons\u00e4gare f\u00e5r en kontrollavgift (p-bot) fr\u00e5n en parkeringsyta som \u00f6vervakas mha Parkados system f\u00f6r parkerings\u00f6vervakning har vi gjort det enkelt att betala och g\u00f6ra r\u00e4tt f\u00f6r sig. Vi&hellip; <a class=\"more-link\" href=\"https:\/\/www.parkado.se\/cms\/?page_id=41\">Forts\u00e4tt l\u00e4sa <span class=\"screen-reader-text\">Fordons\u00e4gare<\/span><\/a><\/p>\n","protected":false},"author":1,"featured_media":0,"parent":0,"menu_order":0,"comment_status":"closed","ping_status":"closed","template":"","meta":{"_regular_price":[],"currency_symbol":[]},"post_slider_layout_featured_media_urls":{"thumbnail":"","post_slider_layout_landscape_large":"","post_slider_layout_portrait_large":"","post_slider_layout_square_large":"","post_slider_layout_landscape":"","post_slider_layout_portrait":"","post_slider_layout_square":"","full":""},"_links":{"self":[{"href":"https:\/\/www.parkado.se\/cms\/index.php?rest_route=\/wp\/v2\/pages\/41"}],"collection":[{"href":"https:\/\/www.parkado.se\/cms\/index.php?rest_route=\/wp\/v2\/pages"}],"about":[{"href":"https:\/\/www.parkado.se\/cms\/index.php?rest_route=\/wp\/v2\/types\/page"}],"author":[{"embeddable":true,"href":"https:\/\/www.parkado.se\/cms\/index.php?rest_route=\/wp\/v2\/users\/1"}],"replies":[{"embeddable":true,"href":"https:\/\/www.parkado.se\/cms\/index.php?rest_route=%2Fwp%2Fv2%2Fcomments&post=41"}],"version-history":[{"count":5,"href":"https:\/\/www.parkado.se\/cms\/index.php?rest_route=\/wp\/v2\/pages\/41\/revisions"}],"predecessor-version":[{"id":109,"href":"https:\/\/www.parkado.se\/cms\/index.php?rest_route=\/wp\/v2\/pages\/41\/revisions\/109"}],"wp:attachment":[{"href":"https:\/\/www.parkado.se\/cms\/index.php?rest_route=%2Fwp%2Fv2%2Fmedia&parent=41"}],"curies":[{"name":"wp","href":"https:\/\/api.w.org\/{rel}","templated":true}]}}