{"id":12,"date":"2015-03-22T11:19:00","date_gmt":"2015-03-22T10:19:00","guid":{"rendered":"http:\/\/www.parkado.se\/cms\/?page_id=12"},"modified":"2016-09-06T18:44:04","modified_gmt":"2016-09-06T16:44:04","slug":"kontakt","status":"publish","type":"page","link":"https:\/\/www.parkado.se\/cms\/?page_id=12","title":{"rendered":"Kontakt"},"content":{"rendered":"<p>Parkado Sweden AB<a href=\"http:\/\/www.parkado.se\/cms\/wp-content\/uploads\/2015\/03\/Parkado_blue.png\"><img loading=\"lazy\" class=\"size-medium wp-image-36 alignright\" src=\"http:\/\/www.parkado.se\/cms\/wp-content\/uploads\/2015\/03\/Parkado_blue-202x300.png\" alt=\"Parkado AB 010-516 38 01\" width=\"202\" height=\"300\" srcset=\"https:\/\/www.parkado.se\/cms\/wp-content\/uploads\/2015\/03\/Parkado_blue-202x300.png 202w, https:\/\/www.parkado.se\/cms\/wp-content\/uploads\/2015\/03\/Parkado_blue.png 252w\" sizes=\"(max-width: 202px) 100vw, 202px\" \/><\/a><br \/>\nL\u00e4rjungev\u00e4gen 6<br \/>\n136 69 Vendels\u00f6<\/p>\n<p>Tel 010-516 38 01<br \/>\nTelefontid vardagar 9:00 &#8211; 16:00.<br \/>\n\u00d6vrig tid telefonsvarare.<\/p>\n","protected":false},"excerpt":{"rendered":"<p>Parkado Sweden AB L\u00e4rjungev\u00e4gen 6 136 69 Vendels\u00f6 Tel 010-516 38 01 Telefontid vardagar 9:00 &#8211; 16:00. \u00d6vrig tid telefonsvarare.<\/p>\n","protected":false},"author":1,"featured_media":0,"parent":0,"menu_order":0,"comment_status":"closed","ping_status":"open","template":"","meta":{"_regular_price":[],"currency_symbol":[]},"post_slider_layout_featured_media_urls":{"thumbnail":"","post_slider_layout_landscape_large":"","post_slider_layout_portrait_large":"","post_slider_layout_square_large":"","post_slider_layout_landscape":"","post_slider_layout_portrait":"","post_slider_layout_square":"","full":""},"_links":{"self":[{"href":"https:\/\/www.parkado.se\/cms\/index.php?rest_route=\/wp\/v2\/pages\/12"}],"collection":[{"href":"https:\/\/www.parkado.se\/cms\/index.php?rest_route=\/wp\/v2\/pages"}],"about":[{"href":"https:\/\/www.parkado.se\/cms\/index.php?rest_route=\/wp\/v2\/types\/page"}],"author":[{"embeddable":true,"href":"https:\/\/www.parkado.se\/cms\/index.php?rest_route=\/wp\/v2\/users\/1"}],"replies":[{"embeddable":true,"href":"https:\/\/www.parkado.se\/cms\/index.php?rest_route=%2Fwp%2Fv2%2Fcomments&post=12"}],"version-history":[{"count":4,"href":"https:\/\/www.parkado.se\/cms\/index.php?rest_route=\/wp\/v2\/pages\/12\/revisions"}],"predecessor-version":[{"id":38,"href":"https:\/\/www.parkado.se\/cms\/index.php?rest_route=\/wp\/v2\/pages\/12\/revisions\/38"}],"wp:attachment":[{"href":"https:\/\/www.parkado.se\/cms\/index.php?rest_route=%2Fwp%2Fv2%2Fmedia&parent=12"}],"curies":[{"name":"wp","href":"https:\/\/api.w.org\/{rel}","templated":true}]}}